t 1222005 (base 6) to base 2.
1111111011010101
What is -2b2769 (base 12) in base 2?
-10110010010011000001
What is -22d33e (base 15) in base 13?
-46389b
What is 14024130 (base 5) in base 9?
236318
What is -11122002001111 (base 3) in base 10?
-2461873
10001011000110111101 (base 2) to base 8
2130675
4301222331 (base 5) to base 15
bcdecb
-3311312 (base 4) to base 10
-15734
What is -13b43a3 (base 12) in base 13?
-a8c171
37238b1 (base 13) to base 12
58a983b
112535215 (base 6) to base 13
58550c
2252541 (base 6) to base 13
40a38
What is -c8bb6 (base 13) in base 2?
-1011000011101001100
What is a98d5c (base 16) in base 8?
52306534
What is 1120747 (base 8) in base 9?
512403
Convert -3125590 (base 10) to base 2.
-1011111011000101010110
213303012 (base 4) to base 15
33479
Convert -1ab7b3 (base 13) to base 15.
-d72d4
Convert 5c4a34 (base 15) to base 11.
2549a40
2082 (base 9) to base 6
11032
What is -3200130014 (base 5) in base 9?
-13448077
Convert -c230 (base 15) to base 12.
-1b883
Convert -1010b (base 13) to base 10.
-28741
-33dd6 (base 15) to base 5
-20241001
What is 30e00 (base 16) in base 3?
101011121112
121311233021 (base 4) to base 6
401103425
Convert 2762360 (base 8) to base 16.
be4f0
What is 6211066 (base 7) in base 14?
154736
-8b09cb (base 15) to base 5
-3144242331
Convert 111101010101101010110 (base 2) to base 11.
1153110
a3251 (base 15) to base 5
113020101
What is 2123344 (base 6) in base 12?
50554
What is -10101011000100011011 (base 2) in base 12?
-2995b7
Convert 33002522 (base 6) to base 14.
1b740a
471314 (base 11) to base 14
156a52
40882 (base 11) to base 12
2a606
What is 291856 (base 10) in base 5?
33314411
What is 5310543 (base 7) in base 12?
26b193
What is -fd4f6 (base 16) in base 12?
-420532
Convert 42162 (base 12) to base 7.
510350
Convert 527221 (base 9) to base 16.
4c933
-146545 (base 11) to base 5
-24301010
-12782 (base 12) to base 13
-b690
Convert 208830 (base 9) to base 5.
12441410
What is -13439 (base 12) in base 3?
-1100102000
Convert -14ab9a (base 13) to base 8.
-1743065
What is 10100100111111000000101 (base 2) in base 11?
306284a
4242891 (base 10) to base 8
20136713
Convert 25006524 (base 7) to base 4.
20202103110
262b4 (base 16) to base 15
314ca
Convert -267202 (base 10) to base 2.
-1000001001111000010
What is 172144 (base 14) in base 16?
c65c0
What is b5599e (base 15) in base 4?
200321302103
312546 (base 8) to base 10
103782
6447584 (base 11) to base 9
23306446
Convert 101122110 (base 3) to base 6.
55533
What is -321123230111 (base 4) in base 8?
-71335425
Convert -449498 (base 12) to base 7.
-12206003
-2010101231 (base 4) to base 11
-340080
What is 111111101001101011 (base 2) in base 15?
523b0
-128008 (base 9) to base 6
-1401055
Convert -102154364 (base 7) to base 11.
-3449871
101000101111011111101 (base 2) to base 13
379882
8193270 (base 10) to base 5
4044141040
240522104 (base 6) to base 7
53266345
What is -188168 (base 9) in base 15?
-24c42
What is 3534213 (base 7) in base 3?
211122100010
-673b0 (base 12) to base 6
-2534340
What is -51a711 (base 12) in base 7?
-13623046
What is 2571 (base 15) in base 8?
17455
What is 1057304 (base 9) in base 2?
10001011000011111100
Convert -219130 (base 10) to base 3.
-102010120221
What is -96802 (base 15) in base 12?
-1b0525
120213312 (base 4) to base 14
28a7c
Convert 3555220 (base 6) to base 11.
118129
22122201202 (base 3) to base 14
4614a
Convert -4a224a (base 11) to base 10.
-793572
Convert 300333425 (base 6) to base 4.
103111001321
Convert -1000100110100010111 (base 2) to base 15.
-587be
Convert -10101101011101111010000 (base 2) to base 6.
-321455344
8b5a7 (base 12) to base 5
21420433
Convert -3216b (base 12) to base 14.
-1a027
-6811253 (base 10) to base 15
-8e8238
Convert 1db81 (base 14) to base 7.
435421
Convert -12122112110 (base 3) to base 5.
-12024243
What is -22104034 (base 5) in base 8?
-565250
What is 123145202 (base 6) in base 10?
2393570
Convert -102021110010 (base 3) to base 5.
-24100233
What is -233020102 (base 4) in base 8?
-571022
178565 (base 10) to base 12
87405
23062360 (base 7) to base 11
1157154
47a04 (base 13) to base 12
63bb1
Convert -10001100000110011100 (base 2) to base 10.
-573852
Convert -10709d (base 14) to base 16.
-88073
Convert -16232 (base 14) to base 11.
-38618
What is 350442044 (base 6) in base 5?
3124202101
What is 1c6b (base 14) in base 7?
21064
What is -247555 (base 8) in base 3?
-11100210100
-1204678 (base 9) to base 6
-21555112
Convert -cf573 (base 16) to base 3.
-1121010222100
Convert -25103021 (base 6) to base 7.
-6545665
What is -c73e7 (base 15) in base 7?
-5241421
Convert 104234002 (base 5) to base 15.
91c37
What is 3301003 (base 6) in base 10?
163515
-30a54 (base 13) to base 8
-252622
-1dbd3 (base 16) to base 2
-11101101111010011
-143237 (base 10) to base 2
-100010111110000101
-2203403 (base 7) to base 12
-1103b8
What is 55452553 (base 6) in base 10?
1671189
What is 856a537 (base 11) in base 6?
1255112412
-4432048 (base 9) to base 14
-4606c9
What is 928538 (base 11) in base 12?
5ba357
Convert -199a98 (base 11) to base 3.
-120112220122
What is 1763557 (base 8) in base 3?
222022120011
28bb32 (base 14) to base 2
101011001100011000000
What is 12310103131 (base 4) in base 8?
6642335
What is 25a6923 (base 11) in base 5?
2123111022
What is 101100101011100010110 (base 2) in base 9?
2671312
Convert -110111011100001110100 (base 2) to base 15.
-25d42c
What is -8e7cd (base 15) in base 16?
-6ed82
-9b4869 (base 13) to base 7
-43106102
Convert -9a53 (base 11) to base 16.
-33bf
What is 1e82ec (base 15) in base 7?
15466632
What is -121210002000 (base 3) in base 14?
-88523
What is 57715762 (base 8) in base 15?
1180a33
What is -1483631 (base 10) in base 5?
-334434011
What is 3385522 (base 9) in base 16?
1be4bc
Convert -20200132110 (base 4) to base 8.
-10403624
What is 6bb50 (base 13) in base 12?
96329
-168805 (base 9) to base 2
-11001100111000100
What is 453544 (base 12) in base 3?
2002010201121
What is -25141661 (base 9) in base 3?
-212011101202001
Convert -15433340 (base 6) to base 4.
-2012001330
Convert -6ebe2a (base 15) to base 9.
-10875464
What is 47a6f (base 16) in base 13?
a377c
What is 3131120201 (base 4) in base 5?
213004120
What is -177b2 (base 16) in base 5?
-11034203
1300011113 (base 5) to base 15
41b258
Convert 11120122202120 (base 3) to base 12.
994659
What is 20312313010 (base 4) in base 12?
93b804
Convert -ca766 (base 14) to base 7.
-4110156
What is 12003023 (base 4) in base 7?
132146
What is 2213020 (base 7) in base 10?
272356
102011201010220 (base 3) to base 16
5a9d6b
Convert 126653 (base 11) to base 16.
309bf
-adbc2 (base 14) to base 4
-1213010032
Convert -12011400 (base 5) to base 13.
-3b22b
Convert 3527572 (base 8) to base 14.
1b0a4a
Convert -495986 (base 11) to base 7.
-6443110
What is -266ab (base 13) in base 10?
-71459
23232221122 (base 4) to base 15
40b01a
Convert 1222102020010 (base 3) to base 8.
4005367
141b79 (base 14) to base 6
22532303
Convert 455891 (base 11) to base 13.
1c5095
Convert 54133253 (base 6) to base 15.
218a66
Convert 47d2c9 (base 14) to base 11.
1428626
What is 203225 (base 9) in base 11?
82569
3013213113 (base 4) to base 8
3074727
104065b (base 12) to base 8
13553647
2325774 (base 8) to base 14
126dd2
What is -1a119 (base 11) in base 9?
-42473
1556036 (base 8) to base 10
449566
-11231001120 (base 4) to base 2
-101101101000001011000
-116517 (base 8) to base 15
-bdeb
What is -56038 (base 9) in base 7?
-213332
What is -75213 (base 12) in base 5?
-14412340
Convert 11001001100101111100010 (base 2) to base 8.
31145742
Convert 12042043230 (base 5) to base 15.
136d9b0
Convert -a6d64 (base 16) to base 2.
-10100110110101100100
100111100001001101001 (base 2) to base 11
804a10
-1046402 (base 9) to base 3
-1001120110002
-22525402 (base 7) to base 4
-13201232032
-20121210000 (base 3) to base 2
-11111110100011001
244620551 (base 7) to base 15
15430b5
Convert -254236 (base 8) to base 9.
-144014
Convert 22111221221 (base 3) to base 10.
167641
-101000111011001010001 (base 2) to base 5
-320403014
74561 (base 9) to base 2
1100000010010111
What is 1332233333 (base 4) in base 13?
1523cc
1300105 (base 6) to base 13
25b47
What is 104205324 (base 6) in base 13?
50c0cb
Convert 1505e52 (base 15) to base 8.
72006262
Convert -52355 (base 10) t